) in base 5?
-2
What is -12102 (base 3) in base 7?
-266
Convert -2120 (base 3) to base 15.
-49
What is 521 (base 6) in base 10?
193
What is 1 (base 15) in base 12?
1
-100100010 (base 2) to base 8
-442
What is 1 (base 6) in base 16?
1
What is -4 (base 13) in base 15?
-4
What is -2 (base 14) in base 11?
-2
What is 0 (base 11) in base 3?
0
What is 45 (base 7) in base 16?
21
What is -3 (base 14) in base 3?
-10
-21 (base 3) to base 13
-7
What is -144 (base 7) in base 6?
-213
What is 212 (base 7) in base 8?
153
What is 0 (base 11) in base 3?
0
Convert 5 (base 9) to base 13.
5
What is 5 (base 10) in base 3?
12
What is 36 (base 7) in base 5?
102
What is -2010 (base 4) in base 16?
-84
What is 33 (base 10) in base 13?
27
Convert -c (base 14) to base 6.
-20
What is 6 (base 13) in base 9?
6
What is 302 (base 8) in base 6?
522
Convert -ab (base 12) to base 10.
-131
Convert 30 (base 7) to base 8.
25
1132 (base 5) to base 15
b2
What is -2 (base 6) in base 8?
-2
-7 (base 14) to base 12
-7
What is -117 (base 8) in base 3?
-2221
Convert -11 (base 3) to base 16.
-4
133 (base 6) to base 12
49
-11 (base 9) to base 2
-1010
-20 (base 4) to base 14
-8
What is -101 (base 2) in base 5?
-10
Convert 35 (base 9) to base 7.
44
18 (base 13) to base 7
30
407 (base 9) to base 11
281
What is 0 (base 8) in base 9?
0
113 (base 12) to base 4
2133
Convert 4 (base 15) to base 12.
4
-128 (base 13) to base 3
-21112
Convert 162 (base 7) to base 16.
5d
-17 (base 11) to base 16
-12
What is -c (base 14) in base 11?
-11
What is 45 (base 6) in base 3?
1002
27 (base 16) to base 6
103
Convert -20 (base 9) to base 6.
-30
5 (base 14) to base 7
5
What is -32 (base 6) in base 15?
-15
6 (base 12) to base 6
10
Convert 151 (base 11) to base 16.
b1
7b (base 14) to base 4
1231
What is 5 (base 6) in base 3?
12
What is -17 (base 15) in base 14?
-18
What is -127 (base 8) in base 4?
-1113
What is 2 (base 8) in base 14?
2
What is 122 (base 11) in base 5?
1040
-3 (base 16) to base 3
-10
What is 0 (base 4) in base 5?
0
Convert 141 (base 8) to base 4.
1201
What is 38 (base 12) in base 14?
32
Convert -71 (base 12) to base 14.
-61
Convert -45 (base 6) to base 4.
-131
What is 15 (base 12) in base 16?
11
Convert -1 (base 14) to base 3.
-1
Convert -2 (base 14) to base 8.
-2
What is -2 (base 12) in base 13?
-2
What is -4 (base 14) in base 13?
-4
114 (base 8) to base 3
2211
Convert -22 (base 3) to base 2.
-1000
Convert 13 (base 10) to base 2.
1101
What is 1403 (base 6) in base 11?
300
Convert 403 (base 9) to base 4.
11013
-21 (base 12) to base 9
-27
What is 51 (base 8) in base 16?
29
What is -2 (base 14) in base 13?
-2
What is 16 (base 12) in base 13?
15
Convert 5 (base 10) to base 5.
10
-4 (base 14) to base 15
-4
Convert -39 (base 16) to base 14.
-41
11 (base 2) to base 4
3
-c3 (base 15) to base 11
-157
What is -aa (base 13) in base 15?
-95
Convert -1a (base 14) to base 5.
-44
-1220 (base 3) to base 12
-43
What is 22 (base 15) in base 2?
100000
Convert -130 (base 9) to base 13.
-84
What is 1013 (base 4) in base 9?
78
What is -3d (base 15) in base 4?
-322
What is -103 (base 8) in base 13?
-52
What is 21 (base 8) in base 10?
17
What is -5 (base 6) in base 13?
-5
-6 (base 11) to base 10
-6
-3 (base 12) to base 15
-3
What is -1201 (base 3) in base 16?
-2e
Convert 4 (base 13) to base 7.
4
Convert 49 (base 12) to base 10.
57
220 (base 4) to base 10
40
-10 (base 3) to base 11
-3
12 (base 6) to base 8
10
What is -110000 (base 2) in base 16?
-30
Convert 1001111 (base 2) to base 5.
304
What is 48 (base 12) in base 16?
38
What is -25 (base 11) in base 8?
-33
Convert -100111000 (base 2) to base 9.
-376
What is -1 (base 12) in base 8?
-1
1303 (base 4) to base 5
430
What is 1 (base 6) in base 4?
1
3 (base 12) to base 2
11
What is -2 (base 11) in base 9?
-2
What is -101011 (base 2) in base 3?
-1121
21 (base 13) to base 5
102
What is 1000110 (base 2) in base 10?
70
-130 (base 6) to base 14
-3c
Convert 121 (base 4) to base 5.
100
Convert 2 (base 13) to base 4.
2
What is 103 (base 6) in base 3?
1110
-78 (base 15) to base 10
-113
7 (base 9) to base 3
21
11 (base 3) to base 14
4
Convert 1c (base 16) to base 6.
44
120 (base 10) to base 3
11110
Convert -1 (base 6) to base 12.
-1
What is 1124 (base 6) in base 3?
100221
What is 20 (base 15) in base 4?
132
What is -1bc (base 13) in base 6?
-1300
Convert 10011 (base 2) to base 15.
14
Convert -304 (base 12) to base 9.
-534
What is 4 (base 11) in base 5?
4
What is -10 (base 15) in base 8?
-17
Convert -24 (base 13) to base 9.
-33
18 (base 9) to base 10
17
Convert 233 (base 4) to base 6.
115
What is -22 (base 5) in base 3?
-110
What is 61 (base 7) in base 15?
2d
Convert 2 (base 6) to base 15.
2
What is 5 (base 11) in base 12?
5
What is -49 (base 13) in base 14?
-45
What is -110100 (base 2) in base 3?
-1221
-207 (base 8) to base 16
-87
34 (base 10) to base 14
26
What is 3 (base 10) in base 9?
3
What is 3 (base 12) in base 4?
3
Convert 10 (base 13) to base 11.
12
Convert 113 (base 7) to base 12.
4b
Convert -23 (base 4) to base 2.
-1011
Convert 8 (base 9) to base 11.
8
-8 (base 9) to base 5
-13
Convert -3301 (base 4) to base 2.
-11110001
What is 11001 (base 2) in base 5?
100
Convert -9 (base 13) to base 15.
-9
Convert 10 (base 11) to base 3.
102
Convert 10 (base 3) to base 11.
3
What is 6 (base 16) in base 7?
6
26 (base 16) to base 13
2c
-3 (base 5) to base 9
-3
-5 (base 15) to base 11
-5
What is 11 (base 3) in base 13?
4
What is -332 (base 4) in base 8?
-76
What is -2 (base 16) in base 11?
-2
What is 189 (base 10) in base 8?
275
What is -4 (base 5) in base 10?
-4
What is 323 (base 5) in base 16?
58
Convert 1a (base 15) to base 12.
21
Convert 10211 (base 3) to base 12.
87
-41 (base 16) to base 8
-101
What is 1 (base 14) in base 5?
1
Convert 12 (base 11) to base 9.
14
-1a (base 14) to base 4
-120
What is -1200 (base 3) in base 12?
-39
1b (base 14) to base 3
221
Convert -7 (base 14) to base 13.
-7
Convert -7 (base 14) to base 13.
-7
Convert -d9 (base 14) to base 16.
-bf
Convert -3 (base 5) to base 9.
-3
-10100 (base 2) to base 5
-40
Convert -4 (base 12) to base 9.
-4
What is -1100100 (base 2) in base 5?
-400
Convert -22 (base 6) to base 7.
-20
Convert -4 (base 14) to base 15.
-4
-100001 (base 2) to base 15
-23
What is b (base 13) in base 15?
b
Convert -7 (base 14) to base 12.
-7
What is -1 (base 12) in base 2?
-1
What is -4 (base 13) in base 16?
-4
Convert -a8 (base 15) to base 10.
-158
What is -7 (base 9) in base 12?
-7
-354 (base 8) to base 14
-12c
Convert -10010 (base 2) to base 15.
-13
-6 (base 7) to base 15
-6
What is 1010 (base 2) in base 14?
a
Convert 1 (base 6) to base 9.
1
What is 46 (base 10) in base 5?
141
Convert 11 (base 3) to base 16.
4
Convert 88 (base 13) to base 14.
80
1 (base 2) to base 6
1
Convert 1a (base 14) to base 4.
120
4d (base 14) to base 8
105
What is 0 (base 9) in base 10?
0
Convert -3 (base 14) to base 13.
-3
-4 (base 10) to base 11
-4
What is -4 (base 16) in base 12?
-4
What is 2 (base 3) in base 8?
2
-3 (base 5) to base 7
-3
What is 34 (base 5) in base 6?
31
What is 1050 (base 6) in base 3?
100010
What is 2 (base 13) in base 15?
2
Convert -7 (base 16) to base 3.
-21
-12 (base 6) to base 12
-8
What is -2 (base 4) in base 5?
-2
-c (base 16) to base 9
-13
What is 3 (base 11) in base 6?
3
Convert 2 (base 10) to base 2.
10
What is 101000000 (base 2) in base 15?
165
Convert 21 (base 12) to base 15.
1a
1 (base 14) to base 7
1
Convert -18 (base 10) to base 14.
-14
Convert 0 (base 12) to base 3.
0
What is 2 (base 4) in base 9?
2
What is 4e (base 16) in base 13?
60
What is 303 (base 7) in base 6?
410
What is -201 (base 3) in base 7?
-25
What is 155 (base 6) in base 8?
107
-1 (base 8) to base 3
-1
Convert 96 (base 14) to base 13.
a2
b (base 16) to base 8
13
Convert -5 (base 11) to base 10.
-5
Convert 201 (base 4) to base 15.
23
Convert -15 (base 10) to base 13.
-12
Convert 1 (base 5) to base 4.
1
What is -20a (base 11) in base 8?
-374
Convert 315 (base 8) to base 3.
21121
Convert 0 (base 10) to base 16.
0
372 (base 8) to base 10
250
What is -11 (base 2) in base 11?
-3
-2121 (base 3) to base 11
-64
What is 6 (base 10) in base 4?
12
-98 (base 15) to base 2
-10001111
Convert -39 (base 11) to base 16.
-2a
0 (base 6) to base 14
0
What is 7 (base 10) in base 8?
7
What is 11 (base